f c and 1806.
42
Let i(f) = -2*f**3 + 5*f**2 + 14*f + 75. Let l be i(-5). What is the greatest common factor of 120 and l?
20
Let c = 1489 + -1303. Calculate the greatest common divisor of c and 18.
6
Suppose -72 = -4*b + 5*m, 4*b + 9*m - 48 = 8*m. Let k(i) = -8*i - 46. Let d be k(-9). Calculate the greatest common divisor of b and d.
13
Let m = 202 + -198. Suppose 0 = -4*x - 3*f + 51, -x + 2*x - m*f = -11. Calculate the highest common factor of x and 18.
9
Suppose 4*p = -4*k - 0*p + 12, -3*k + 37 = -4*p. Let s = -1214 - -1291. What is the greatest common factor of k and s?
7
Suppose -84 = -4*i + 36. Suppose 12 = -27*k + i*k. Suppose -k*t = 10*t - 1120. What is the highest common factor of 16 and t?
16
Let k be (-2)/(4/(-1042)) - 20/1000*50. What is the greatest common factor of 754 and k?
26
Suppose 1152 = 3*l + 36*h - 39*h, 1566 = 4*l + h. Calculate the highest common divisor of l and 338.
26
Suppose 5*p + 36 = 71. Let a be ((-15)/p - 3)/((-27)/252). Suppose -2*h + 2*m + 164 = 0, 4*h - 17 = 3*m + 313. Calculate the highest common factor of h and a.
12
Let n = 49604 + -17743. Calculate the greatest common divisor of n and 151.
151
Let l = -23902 + 43206. Calculate the highest common divisor of l and 228.
76
Let d(u) = -14*u - 242. Let j be d(-17). Let t be 252 + -6 - 6*2/j. What is the highest common factor of 415 and t?
83
Suppose g - 352 = -214. Calculate the highest common divisor of g and 782.
46
Suppose 38 = 15*d - 7. Suppose -4*y + 6*y - 202 = -5*r, 0 = d*r + y - 122. Calculate the greatest common divisor of 546 and r.
42
Let u = -2800 - -4039. Calculate the greatest common factor of 21 and u.
21
Let a be 2 + -2 - -3*(-102)/(-18). Suppose 1272 = -11*l + a*l. Calculate the highest common factor of 53 and l.
53
Suppose -5*h + 197 = 4*x, -6*h - 85 + 307 = 3*x. Calculate the highest common factor of h and 690.
3
Let c(t) = 9*t + 148. Let g be c(-13). Suppose g*u = 123 + 32. What is the greatest common divisor of u and 12?
1
Let f(o) = -18*o - 3. Let q be f(-6). Suppose 70*t - 55*t = 13560. Let z = -889 + t. What is the highest common divisor of z and q?
15
Suppose 0 = -2*y + 5*g + 375, -139 - 245 = -2*y + 2*g. What is the greatest common factor of y and 273?
39
Suppose 2*t + 8 = 0, 4*u - 4*t + 6*t = 216. Calculate the highest common factor of u and 488.
8
Suppose -s + 37126 = 36561. Calculate the highest common factor of s and 5.
5
Suppose 3*d - 4*c = -78 + 438, d - 120 = c. Let s be -1 + (8 - 4/1). Suppose -s*f + 45 = -0*f. What is the highest common factor of f and d?
15
Suppose -5*v + v - 2*s + 18 = 0, -s = -2*v + 7. Suppose 5*n = 2*u - 37, v*n - 46 = -4*u - 14. What is the greatest common divisor of u and 77?
11
Suppose 52*y - 1650 = 27*y. Let h be (4 - -176) + (-2 - 2). What is the highest common divisor of y and h?
22
Suppose 8 = t + 9. Let m be (1 - 0)*t*2. Let z be (-1 + -3)/(m + 1 - 1). Calculate the highest common factor of 14 and z.
2
Suppose -68 = -4*s + 40. Suppose 0 = 3*h - 2*l - 106, 2*h - 2*l - 43 = s. Suppose -119*p + 28*p - 124 + 488 = 0. What is the highest common factor of p and h?
4
Suppose 13*u = 14*u - 48. Let o be (u/10)/(28/70). Let k be o/2*4/6. Calculate the greatest common factor of 2 and k.
2
Suppose -l - 3*z = 2*z + 233, -5*z - 669 = 3*l. Suppose 3*q + 326 = 4*q. Let b = q + l. Calculate the greatest common divisor of 12 and b.
12
Let h(d) = -2*d**2 + 5*d + 4. Suppose -3*v + 19 = 43. Let w be (v - -5)*(-5 - -4). Let a be h(w). Calculate the greatest common factor of a and 1.
1
Suppose -3*p = x - 333 - 205, -190 = -p - 3*x. Calculate the greatest common divisor of 42097 and p.
89
Suppose 0 = 2*y + y - 5*u - 587, -2*y - u = -413. Suppose -12*j - 2 = -10*j, 3*j + 207 = 3*a. What is the greatest common divisor of a and y?
68
Let b be ((-6)/14)/((-12)/1652). Calculate the greatest common factor of 413 and b.
59
Let f be 70/(-8)*3432/(-429). Suppose 5*y + 0*y = 525. What is the greatest common divisor of f and y?
35
Let k(o) = 577*o + 1420. Let f be k(-2). What is the greatest common divisor of f and 418?
38
Let s be 340/14 + 4/(-14). Let i(z) = 405*z - 1617. Let f be i(4). What is the highest common divisor of f and s?
3
Let s(o) = -10*o - 102. Let j be s(-12). Suppose 0 = j*a - 1151 - 10729. What is the greatest common divisor of a and 60?
60
Suppose -4*m - 3*n + 8 = -3, -2*m + 4*n = 0. Suppose -m*z - u = z - 200, 2*z = -3*u + 145. Let b = z - 21. Calculate the greatest common factor of 110 and b.
22
Suppose 0 = 148*c + 41*c - c - 1128. Calculate the greatest common divisor of 801 and c.
3
Suppose -13*n = 2872 + 378. Let y = 54 - n. Calculate the greatest common factor of 38 and y.
38
Let b be 1/(-5) - (-6)/24*(-42024)/(-30). Calculate the highest common factor of 56 and b.
14
Let d(j) = -155*j + 18. Let x be d(-3). Calculate the greatest common factor of 210 and x.
21
Suppose -8910 = -35*q - 46*q. Let l(u) = 22*u**3 - 3*u**2 + u - 1. Let b be l(2). Calculate the highest common divisor of b and q.
55
Suppose -36*u + 39664 = u - 0*u. What is the highest common divisor of u and 670?
134
Let u be 124 + 2*1/2. Let h be -40 + 35 - 1/(2/(-78)). Suppose 5*g - 975 = -h*g. What is the greatest common factor of g and u?
25
Let w be -4 - (5 + -1 - 178). Suppose 3*x + 2896 - 3661 = 0. What is the highest common factor of w and x?
85
Let m(n) = -5*n**2 + 87*n + 23. Let g be m(17). Calculate the greatest common factor of 2109 and g.
57
Let u be -18*((-234)/44 - (-10)/(-55)). Suppose -48*r - 1980 = -84*r. Calculate the greatest common divisor of r and u.
11
Let y(j) = j**3 - 16*j**2 - 17*j + 30. Let l be y(17). Suppose d + 4 = l. Calculate the greatest common divisor of 234 and d.
26
Let x be (-352)/(-7) - (-2)/(-7). Suppose 178*b - 3*o - 28 = 174*b, 0 = 5*o - 20. Calculate the highest common divisor of x and b.
10
Let a(t) = -27*t + 11. Let r be a(-2). Suppose -r - 103 = 4*v. Let p be (30/(-35))/(3/v). Calculate the greatest common factor of 3 and p.
3
Let p = -7454 + 7935. Calculate the highest common divisor of p and 814.
37
Let b = -108 - -105. Let n be (b + 24 - 6) + -1. Calculate the highest common divisor of n and 14.
14
Suppose 3*f - 2*w = -13 + 138, 4*f = 4*w + 172. Let u = 4194 + -4090. Calculate the highest common factor of f and u.
13
Let l(z) = z**3 + 94*z**2 - 214*z - 1074. Let r be l(-91). Calculate the highest common factor of 83 and r.
83
Let g be 8 + 21 - (1 - 2). Let m = 32 + g. Let b = -55 + m. Calculate the greatest common divisor of b and 77.
7
Suppose -h = -10*g + 7*g, -g = -5*h + 14. Let w be 91/65 + 4/(-10). Calculate the greatest common divisor of h and w.
1
Suppose 0*s = s - 3*k + 1, 0 = 3*s + 3*k - 9. Suppose -h - 6 = -1, -4*x + s*h + 266 = 0. What is the greatest common factor of 176 and x?
16
Let g = 17699 - 16137. What is the greatest common factor of g and 88?
22
Let t be ((-2)/8)/((-10)/(-40)) + -19 + 22. What is the greatest common divisor of t and 418?
2
Suppose 2*t - 6*c - 428 = -2*c, -6 = 3*c. Suppose -3*q = -2*j + 26 + 1042, -j = 2*q - 513. Calculate the highest common factor of t and j.
105
Suppose 0 = -2*l - l. Suppose 4*i + 12 = l, -6 = -n - i + 7. Let a be (-574)/(-24) + (-148)/(-1776). What is the greatest common factor of n and a?
8
Let f be (115/(-5))/(2/(-2)). Suppose -27*w + f*w = 0. Suppose -b + 74 + 46 = -3*j, -4*b + 3*j + 516 = w. Calculate the greatest common factor of 12 and b.
12
Suppose -5*p + 10*p = 155. Let m = 39 - p. Let r be 1/(-8) - (-113)/m. Calculate the greatest common factor of r and 154.
14
Suppose 705 = 3*s + 5*w, -4*s + 29*w + 966 = 27*w. What is the highest common factor of s and 210?
30
Let s be (-76228)/(-28) - -2 - (-6 + (-270)/(-42)). What is the highest common factor of 12 and s?
12
Let g = -243 + 286. Calculate the greatest common factor of 688 and g.
43
Let w(y) = -4*y + 5. Let x(d) = -d. Let t(o) = 3*w(o) - 24*x(o). Let s be t(-1). What is the greatest common factor of s and 5?
1
Let s be -2*(-105)/(-9)*(-3840)/896. What is the greatest common divisor of 1075 and s?
25
Let j = -1235 - -844. Let a = -363 - j. Calculate the greatest common divisor of 154 and a.
14
Let d(q) = -16*q**2 + 118*q + 12. Let f be d(7). What is the greatest common divisor of 11691 and f?
27
Let u be 1/(-8) - (-369)/72. Suppose 1215 = 5*l - 0*p - p, -u*p = 4*l - 972. Suppose 0 